lculate the remainder when l is divided by c.
13
Suppose -5*u = -217 - 33. Suppose 0 = -3*v, 0*v - 2*v + 125 = -5*f. What is the remainder when u is divided by (-83)/(-5) + (-10)/f?
16
Suppose -d + 15 = 13. What is the remainder when 5 is divided by d?
1
Let o(y) = -4 + 6 - 11*y + 8*y. Calculate the remainder when 32 is divided by o(-3).
10
Suppose 0 = 2*w + 4*a - 205 + 51, 2*a - 215 = -3*w. Suppose w = 2*z - 25. What is the remainder when z is divided by 12?
11
Let l(j) = 7*j**2 + 2*j - 1. Let s be (-10)/(-6) - 2/3. Let n be l(s). Calculate the remainder when 10 is divided by (36/(-8))/((-6)/n).
4
Suppose 38*b - 25 = 33*b. What is the remainder when 7 is divided by b?
2
Let v = 38 - 12. Let p be (-238)/70 - 2/(-5). Calculate the remainder when v is divided by (-84)/(-16)*(-8)/p.
12
Suppose -5*r + 7 + 28 = -5*b, -5*b = -15. Suppose 10*o = 3*o. Suppose o = -n + 21 + 16. Calculate the remainder when n is divided by r.
7
Suppose -3*x - 3 = -15. Suppose 2*p - 60 = p. Suppose -4*u = x - p. What is the remainder when 27 is divided by u?
13
Let s = -3 - -3. Suppose -f + 16 + 3 = s. Let d(b) = -b**3 + 4*b**2 + 5*b + 7. What is the remainder when f is divided by d(5)?
5
Let t be (0 + -18)/(-3) - 1. Let c = 1 - t. What is the remainder when (c - -1)*4/(-3) is divided by 3?
1
Let a(b) = -b - 11. Let n be a(-9). Let t(q) = -2*q**3 - 2. Calculate the remainder when t(n) is divided by 5.
4
Let x = 20 - 10. Suppose 5*d + 3*c = 17, 13 = 3*d + 2*d + 2*c. Let t = x - d. What is the remainder when 26 is divided by t?
8
Let c(f) = -f**3 - 8*f**2 - 8*f + 2. Calculate the remainder when 17 is divided by c(-7).
8
Let v(t) = t**3 + 7*t**2 + t - 3. Suppose -5*n - 5*f = 12 - 102, 5*n + 3*f - 90 = 0. What is the remainder when v(-6) is divided by ((-30)/2)/(n/(-12))?
7
Suppose -5*z + 3*z = 3*g - 361, 5*g - 605 = -5*z. What is the remainder when g is divided by 40?
39
Suppose -5 + 77 = 6*c. Calculate the remainder when 35 is divided by c.
11
Let q(a) = -a**2 + 7*a + 4. What is the remainder when q(5) is divided by 5?
4
Let o = 34 - 56. Let g = o + 6. Let c = -5 - g. Calculate the remainder when c is divided by 4.
3
Suppose 2*c - c + 4*v - 13 = 0, 0 = -5*c + 3*v + 134. What is the remainder when 47 is divided by c?
22
Suppose 5*v = -6 - 4. What is the remainder when ((-60)/(-16) + v)*8 is divided by 8?
6
Suppose -21 = -z - a, -65 = -0*z - 3*z - a. Calculate the remainder when z is divided by 6.
4
Let j(m) = -4*m**3 - m**2 + m - 1. Calculate the remainder when j(-2) is divided by 7.
4
Suppose -2*x + 4*x - 28 = 0. What is the remainder when x is divided by 5?
4
Let q(p) = -p**3 - 8*p**2 - 7*p + 3. What is the remainder when 11 is divided by q(-7)?
2
Let w(o) = o - 4. Let c be w(4). Suppose -2*t + 2 + 2 = c. What is the remainder when 3 is divided by t?
1
Suppose 0*l = 5*l - 15. Suppose 0 = l*t - 0*t - 129. Calculate the remainder when t is divided by 15.
13
Let k(u) = 2*u**3 - 3*u**2 + 2. Let x be (-14)/(-4) + (-2)/4. What is the remainder when k(x) is divided by 8?
5
Suppose -c + 56 = c. Suppose 30 = 3*h - 0*h. Calculate the remainder when c is divided by h.
8
Let f(p) = -2*p + 5. Let b be f(3). Calculate the remainder when 14 is divided by (b + 4 - 0) + 5.
6
Suppose 10 = 7*g - 2*g. What is the remainder when 8 is divided by g?
0
Suppose 7*l + 36 = 8*l. What is the remainder when l is divided by 13?
10
Let b(o) = o**3 - 5*o**2 - 8*o - 3. Calculate the remainder when b(7) is divided by 1 - 2*(-9)/2.
9
Let p be 1912/18 + 8/(-36). Suppose -4*s - 30 = -p. Calculate the remainder when s is divided by 7.
5
Let m(d) = d**3 + 17*d**2 - d + 1. Suppose -3 = -n + 2. What is the remainder when m(-17) is divided by n?
3
Let z = 0 - -15. What is the remainder when 58 is divided by z?
13
Let x(c) = -2*c - 2*c + 8*c + 9. What is the remainder when x(7) is divided by 10?
7
Let q = 3 + 0. Suppose 0 = d + 2*r, 28 = q*d - 3*r + 2*r. What is the remainder when 31 is divided by d?
7
Suppose -3*j = -4*h - 33, h + 4*h + 1 = -2*j. What is the remainder when 17 is divided by j?
3
Suppose -h + 40 = 2. Let w(j) = -j**3 - 12*j**2 - 12*j + 2. Calculate the remainder when h is divided by w(-11).
12
Calculate the remainder when 70 is divided by ((-8)/(-10))/((-7)/(-210)).
22
What is the remainder when 43 is divided by (1 - 0)/(2/48)?
19
Let o = 8 - 3. Suppose h - 4*h + 36 = 0. What is the remainder when h is divided by o?
2
Let d(x) = -x**3 + x**2 - x + 5. What is the remainder when 219 is divided by d(-3)?
43
Suppose -4*o = -48 + 4. What is the remainder when o is divided by 3?
2
Suppose -3*f + 54 = -2*f. Suppose l - 4*l + 3*y + f = 0, -3*l = -2*y - 53. What is the remainder when 33 is divided by l?
16
Suppose -3*p - 8 = -j - 54, 2*p + 5*j - 59 = 0. Calculate the remainder when p is divided by 11.
6
Let f be (54 + -1)*-5 + -1. What is the remainder when 16/56 - 299*(-2)/14 is divided by f/(-18) - (-6)/27?
13
Suppose 4*x = 9 - 1, -x = z - 45. What is the remainder when z is divided by (10/2)/(1/3)?
13
Let x(f) = 21*f**3 + f**2 + 1. Calculate the remainder when 67 is divided by x(1).
21
What is the remainder when 177/7 + 18/(-63) is divided by 16?
9
Suppose 3 = b - 11. Suppose 2*p + 0*p - b = 0. Let o(l) = -l**3 + 2*l - 2. What is the remainder when o(-3) is divided by p?
5
Let j(g) = 13*g - 13. Let i(r) = 7*r - 6. Let t(u) = 11*i(u) - 6*j(u). What is the remainder when 99 is divided by t(-13)?
24
Suppose 0 = -3*j - 2*o + 76, 0 = -j - 2*j - 3*o + 78. Calculate the remainder when 94 is divided by j.
22
Suppose -4*o + 5*w = 12, 2*o + 2 + 2 = 2*w. Suppose -o*a - 6 = -14. What is the remainder when 10 is divided by a?
2
Suppose 186 = -2*o - 2*c, -c + 349 - 62 = -3*o. Let s = -63 - o. Calculate the remainder when s is divided by 11.
10
Let w = -87 - -96. Calculate the remainder when 23 is divided by w.
5
Let c(z) = -z**3 - z - 5. Let y be c(0). Calculate the remainder when (0 + y)*(4 + -5) is divided by 2.
1
Suppose 36 = 5*u - 79. Calculate the remainder when 88 is divided by u.
19
Let p(q) = q**3 + 6*q**2 + 5. Let w be p(-6). Suppose w = -o + 38. Calculate the remainder when o is divided by (-134)/(-8) + (-1)/(-4).
16
Let s = -33 - -49. Let n(d) = -d**3 + 4*d**2 - 2*d + 1. What is the remainder when 108/s - (-2)/8 is divided by n(3)?
3
Let t = 5 - -1. What is the remainder when 23 is divided by t?
5
Let l(d) = d**2 + 8*d + 8. What is the remainder when l(-10) is divided by 10?
8
Let c = -9 + 5. Let k(b) = b**3 + 5*b**2 + 3*b + 5. Suppose 5*v + 5*w - 61 = 39, 0 = 2*v + 3*w - 44. Calculate the remainder when v is divided by k(c).
7
Suppose 0 = -4*j + 126 + 10. What is the remainder when j is divided by 12?
10
Calculate the remainder when 35 is divided by (-1)/(-2)*-3*(-320)/24.
15
Let m = 0 - 6. Let w = 21 + m. Calculate the remainder when 27 is divided by w.
12
Suppose 5*l - 18 = 5*i + 67, -3*i + 85 = 5*l. What is the remainder when l is divided by 9?
8
Suppose 0 = -4*i - 2*w + 60, 4*w - 81 = -3*i - 2*i. Calculate the remainder when 21 is divided by i.
8
Let r(x) = -x - 4. Let v(j) = -j**2 + 12*j - 10. Let b be v(12). What is the remainder when 11 is divided by r(b)?
5
Let u = -7 - -11. Suppose 0 = u*a + 17 - 85. What is the remainder when a is divided by (-1)/5 - 31/(-5)?
5
Let j(y) = -2*y**2 + 0 - y - 4 + 5. Let p be j(1). Calculate the remainder when 22 is divided by 0 + (0 - p - -10).
10
Let h = -16 + 19. What is the remainder when 50/6 - 2/6 is divided by h?
2
Suppose 62 = -7*x + 272. What is the remainder when x is divided by 19?
11
Suppose 0 = 5*u, -2*h + 4*u = -u - 54. What is the remainder when h is divided by 2/(-4) + 26/4?
3
Suppose 0 = 2*d - v + 6, 2*v - 15 = 5*d + 7*v. Let s = d + 25. Calculate the remainder when s is divided by 6.
4
Let u = 5 + 2. Let o be -7*((-12)/u)/(-2). What is the remainder when 34 is divided by -4*6*o/8?
16
Suppose -4*o + 20 = -0*o. What is the remainder when 9 is divided by o?
4
Suppose 16 = -2*c + 4*c. Let w be 5*(-3 - (-38)/10). Suppose 11 = 5*g - w. What is the remainder when c is divided by g?
2
Suppose -28 = -2*f + 4*i, -f - 4*f = -3*i - 49. What is the remainder when 23 is divided by f?
7
Let k be 12/(-9)*78/(-4). Suppose 0*o = 3*o - 126. Calculate the remainder when o is divided by -3*k/(-6) + 2.
12
Suppose -5*d = -133 - 37. Let y = -26 + -1. Let h = -9 - y. C